y 1.
0
Let n be ((-117)/36)/((-2)/16). Let c = 7 + n. What is the remainder when c is divided by 18?
15
Let r = 38 - 23. Let w be 10/15 + (-4)/(-3). Suppose 3*l + 5*o - 38 = 0, 5*l - w*o - 18 = o. What is the remainder when r is divided by l?
3
Let v be ((8/(-5))/(-4))/((-1)/(-5)). Suppose -v*z = 9*m - 5*m - 44, -5*m - 26 = -2*z. What is the remainder when 89 is divided by z?
17
Suppose -w - 16 = -3*w. Calculate the remainder when (-279)/6*3/18*-4 is divided by w.
7
Let c(o) = 13*o**2 + 97*o - 25. Calculate the remainder when (-1)/6*-10*54 is divided by c(-8).
28
What is the remainder when 82 is divided by (-2)/(-10) - (-5992)/140?
39
Let c(z) = -z**3 + 47*z**2 - 11*z - 137. Calculate the remainder when c(46) is divided by 59.
57
Let n = 88 - -1. Let h = -80 + n. Calculate the remainder when 51 is divided by h.
6
Let f(p) = -p - 8*p + 10*p - 4. Calculate the remainder when 14 is divided by f(7).
2
Suppose 3*c - 8 = -c. Suppose 5*x - c*x = 24. Let k = -41 + 64. What is the remainder when k is divided by x?
7
Let i = -16 + 23. Let d = -45 + 49. Calculate the remainder when i is divided by d.
3
Let o(k) = 5*k - 9. Let g = 56 - 52. What is the remainder when 39 is divided by o(g)?
6
Suppose -17 = -3*h - 5. Suppose h*r + r - 60 = 0. What is the remainder when 46/6*1/(3/9) is divided by r?
11
Let n(x) = -8*x + 92. What is the remainder when n(7) is divided by 10?
6
Suppose 3*s - 123 - 207 = 0. Suppose 4*j = 6*j + s. Let x = 52 - j. What is the remainder when x is divided by 28?
23
Let d = -128 + 50. What is the remainder when 75 is divided by (4 + -2 + -6)*d/8?
36
Let l be (8/14)/(24/924). Suppose l*m = 27*m. Suppose 0 = -5*s - 4*v + 3, -2*v = 2*s - m*s. Calculate the remainder when 10 is divided by s.
1
Let j(g) = g**2 - 20*g - 138. What is the remainder when j(26) is divided by (-12)/8*(-14)/3?
4
Let p = 15 + -10. Let a be 64/20 + (-1)/p. Suppose -5*k + 24 = x + x, -a*k = 0. Calculate the remainder when 45 is divided by x.
9
Suppose 9*s - 337 = -256. Calculate the remainder when 1816 is divided by s.
7
Suppose w - 2*w + 48 = 0. Let f(t) = t**3 - 4*t**2. Let i be (-9 - 1)/(2/(-1)). What is the remainder when w is divided by f(i)?
23
Let j(x) = x**3 - 16*x**2 + 18*x + 46. Calculate the remainder when 249 is divided by j(15).
67
Suppose l + 2*l = 12. What is the remainder when 14*(4 + 28/(-8)) is divided by l?
3
Suppose -o - 15 = -4*o. Let l(x) = -5*x - 8. Let b be l(-6). Suppose 2*a = -s + b - 9, 4*s = -o*a + 40. What is the remainder when 17 is divided by s?
2
Let m = -45 + 68. What is the remainder when 30 is divided by m - (5 + (4 - 4))?
12
Let i(q) = q**2 - 13*q + 43. Let u be i(8). What is the remainder when 107 + (-8)/(-6)*u + -3 is divided by 22?
20
Let k(l) = -l + 1. Let i be k(5). What is the remainder when 1 - -14 - ((-1)/1 - 0) is divided by ((-18)/i)/(1/2)?
7
Suppose 125 = 5*y - 0*t + 5*t, -3*y + 83 = t. What is the remainder when 1130 is divided by y?
28
Suppose -g + 2*g = -i + 47, 0 = i - 4. Suppose -p + 51 = -5*j, -4*j + p = -2*p + g. Calculate the remainder when 63 is divided by (-6)/(-10) + (-214)/j.
19
Suppose -14 = -3*u + 4. Suppose 4*l - 17 = -5, l - 55 = -2*g. What is the remainder when g is divided by u?
2
Suppose -5*n - i + 22 = 0, n + i = 6*i + 20. Suppose 3*m = k - 17, -n*k + 0*m - 4*m = -104. What is the remainder when 76 is divided by k?
16
Suppose 104 = 2*t - 4*t. Let q = -23 - t. What is the remainder when q is divided by 16?
13
Let l(u) = 14*u - 20*u - 38*u - 1. Suppose 16*p = 20*p - 60. Calculate the remainder when l(-1) is divided by p.
13
Let r(n) = -n**2 + 6*n. Let j be r(4). What is the remainder when 39 is divided by (-86)/(-6) + j/(-24)?
11
Suppose m - 1 = 0, 3*k - 3 - 7 = 5*m. Suppose -i = -5*n + 5 + 54, -62 = -k*n - 2*i. Calculate the remainder when 46 is divided by n.
10
Suppose 46 = 8*m - 202. Calculate the remainder when m is divided by ((-4)/6)/((-2)/33).
9
Suppose 0*f = -2*f + 4*q + 20, -4*f + 4*q = -40. What is the remainder when 51 is divided by 175/f*(-12)/(-15)?
9
Let v(y) = -y**2 + 13*y + 4. Let w be v(13). Calculate the remainder when (-6)/1*(-28)/w is divided by 11*(-2 + 1)/(-1).
9
Suppose 0*m - 2*m + 4*j = 14, 0 = m - 4*j + 9. Let u be (9/(-6))/(m/(-130)). Calculate the remainder when 28 is divided by (-1)/(3/u) + 2.
13
Suppose -c = -3*u - 264, 7*c = 10*c + 3*u - 732. What is the remainder when c is divided by 85?
79
Let z = 4 + 11. Let g be (-2)/9 - 38/(-9). Suppose 5*v = g*v + 8. Calculate the remainder when z is divided by v.
7
Let y(m) = -m**3 + 2*m**2 - 3*m - 3. What is the remainder when -3 + (42 - (2 - -1)) is divided by y(-2)?
17
Let n = -857 + 1037. Calculate the remainder when n is divided by 35.
5
Let s = -172 - -186. What is the remainder when 124 is divided by s?
12
Suppose 3*x = b + 63, 0 = -5*x - 6*b + b + 105. What is the remainder when 22 is divided by x?
1
Suppose -14*s - 5*x = -9*s - 290, 4*s = -3*x + 231. What is the remainder when 103 is divided by s?
46
Let z(q) = 3*q + 42. Let o be z(-14). Suppose o = -61*p + 56*p + 235. Calculate the remainder when p is divided by 16.
15
Suppose -5*z - 3*c = -127, 3*z + 2*c - 13 = 63. What is the remainder when 101 is divided by z?
23
Let v be -2 - -3*(-10)/(-5). Suppose -5*u - 47 = 2*m - 133, -u - 215 = -5*m. Suppose m + 25 = v*n. What is the remainder when n is divided by 9?
8
Let f = 20 + -26. Let i(o) = -o**3 - 6*o**2 - 2*o - 7. Let x be i(f). Suppose 3*a = -6, 4*m + x*a - 12 = 3*a. What is the remainder when m is divided by 2?
0
Let a = -111 + 56. Let y = -4 - 112. Let d = a - y. What is the remainder when d is divided by 16?
13
Let r(a) = -a + 15. Suppose 0 = 2*c + 4*v - 76, -5*c + 7*v - 2*v + 115 = 0. Calculate the remainder when c is divided by r(0).
13
Calculate the remainder when 98 is divided by (-6)/(-10) + (1729/35)/1.
48
Let y(h) = h**3 + h**2 - 6*h - 3. Let r be y(-3). What is the remainder when 1 + 2 - (-88 - r) is divided by 13?
10
Let h = 43 - 22. Let d be ((-67)/(-4))/((-7)/(-84)). Suppose -3*w - d = -0*o - 3*o, 3*o = w + 191. What is the remainder when o is divided by h?
20
Suppose -8*c + 52 = -4*c. Suppose -w + 9 = 4. Calculate the remainder when c is divided by w/(25/(-3)) + (-190)/(-25).
6
Suppose 4*d + 105 = m - 4, 0 = 5*d + 20. Suppose 0 = 97*l - m*l - 44. Calculate the remainder when l is divided by 3.
2
Suppose 98 = 3*c - 0*c - 4*p, -4*p + 22 = c. What is the remainder when (-2)/((-30)/(-9)) - (-2898)/c is divided by 14?
12
Suppose 8*h - 3*h = 125. Suppose -2*m = -4*b - 5*m + 301, -4*m = 5*b - 377. Calculate the remainder when b is divided by h.
23
Suppose 3*h - 133 = 5*x, 9*h - 159 = 5*h + 3*x. Calculate the remainder when 90 is divided by h.
18
Suppose 0 = -v - y + 5, -1 = v - 4*y + 9. Let o(q) = 4*q**2 - q + 1. What is the remainder when -222*v/(-4 - 2) is divided by o(-2)?
17
Let s = -2 - 1. What is the remainder when (-23 - s)*(-2 - 0) is divided by ((5 - -2)*3)/(-79 - -80)?
19
Let r(j) = 4*j**2 + 0*j + 2*j**3 + 0*j + 2*j - j**3. Let i be r(-3). Suppose -50 = -5*h - 3*c, i*c = -2*c. Calculate the remainder when h is divided by 6.
4
Suppose -5*a + 62 = -53. Let m be (-150)/(-9)*18/5. Suppose -g + m = 4*g. Calculate the remainder when a is divided by g.
11
Let h(x) = -2*x**2 - 2*x + 18. Let k be h(-7). What is the remainder when 73 is divided by (-43)/(-2) - (-165)/k?
16
Suppose 19*g = 2*g + 34. What is the remainder when 67 + 1 + 1 + -1 is divided by (23/(-4))/(g/(-8))?
22
What is the remainder when (-194)/(-5)*(3 - (-7)/(-14)) is divided by 34?
29
Let c = -165 + 263. Suppose -2*t + c = -t. Calculate the remainder when t is divided by 20.
18
Let h = -114 + 59. Let k = h + 57. What is the remainder when 2 is divided by k?
0
What is the remainder when 151 is divided by (-65 - -81)/(2/4)?
23
Suppose 4*u = a + 14, 0*u - 32 = -2*a - 4*u. Let n be (-8)/(-12) + 11/(-3). What is the remainder when 4/(n*2/(-60)) is divided by a?
4
Suppose -b = 3*r + 5 - 2, -2*b - r - 1 = 0. Suppose b = -3*z + 8 + 7. Suppose z*h = -0*h + 65. Calculate the remainder when 38 is divided by h.
12
Let o = 5 + -3. Let z = 0 - -18. Let a = -17 + z. What is the remainder when o is divided by a?
0
Suppose -12*x + 4*x + 504 = 0. Let z be (-1)/3 + 1/3. Calculate the remainder when 5/(-15)*(z - x) is divided by 6.
3
Suppose -l + 60 - 10 = 0. Ca